millions digit of 1999212686?
9
What is the hundred thousands digit of 131109156?
1
What is the millions digit of 59944857?
9
What is the ten millions digit of 2220869261?
2
What is the tens digit of 25581211?
1
What is the hundred thousands digit of 1763404583?
4
What is the millions digit of 125260976?
5
What is the hundred millions digit of 4464119394?
4
What is the ten thousands digit of 1560957828?
5
What is the hundreds digit of 192689712?
7
What is the hundred millions digit of 7216675168?
2
What is the hundred thousands digit of 46229703?
2
What is the millions digit of 2270512697?
0
What is the hundred millions digit of 1754241291?
7
What is the ten thousands digit of 31990730?
9
What is the units digit of 49615323?
3
What is the hundreds digit of 93190?
1
What is the millions digit of 7391907455?
1
What is the hundreds digit of 71898431?
4
What is the hundred thousands digit of 1493152891?
1
What is the hundred millions digit of 864972967?
8
What is the thousands digit of 39319943?
9
What is the tens digit of 1636375535?
3
What is the thousands digit of 56051579?
1
What is the thousands digit of 146433386?
3
What is the thousands digit of 99285939?
5
What is the hundred millions digit of 301856084?
3
What is the ten thousands digit of 1043268573?
6
What is the ten millions digit of 3081464775?
8
What is the units digit of 217022970?
0
What is the units digit of 1615163260?
0
What is the ten thousands digit of 108542395?
4
What is the tens digit of 274192382?
8
What is the hundreds digit of 7692922?
9
What is the tens digit of 8108986?
8
What is the hundreds digit of 103973162?
1
What is the ten millions digit of 211466128?
1
What is the hundred thousands digit of 56212344?
2
What is the units digit of 32918002?
2
What is the hundred millions digit of 1602394893?
6
What is the hundred thousands digit of 3164534?
1
What is the thousands digit of 102168740?
8
What is the units digit of 12620215?
5
What is the hundred millions digit of 159468781?
1
What is the billions digit of 2991695345?
2
What is the ten thousands digit of 48147297?
4
What is the thousands digit of 58319243?
9
What is the units digit of 1804921497?
7
What is the billions digit of 1145177799?
1
What is the hundred millions digit of 1212966179?
2
What is the millions digit of 1245665561?
5
What is the thousands digit of 79129877?
9
What is the tens digit of 1203036906?
0
What is the billions digit of 4768075048?
4
What is the tens digit of 300414834?
3
What is the thousands digit of 107997892?
7
What is the ten thousands digit of 819503903?
0
What is the ten thousands digit of 2306411437?
1
What is the ten millions digit of 128829669?
2
What is the hundred thousands digit of 1121486175?
4
What is the ten millions digit of 46776512?
4
What is the hundred thousands digit of 49626359?
6
What is the thousands digit of 14347555?
7
What is the millions digit of 53415074?
3
What is the tens digit of 35246621?
2
What is the units digit of 1470460060?
0
What is the hundred thousands digit of 45504428?
5
What is the ten millions digit of 129154229?
2
What is the millions digit of 775903265?
5
What is the hundreds digit of 82584389?
3
What is the units digit of 169393506?
6
What is the hundred thousands digit of 721394313?
3
What is the millions digit of 3300707?
3
What is the hundreds digit of 24895915?
9
What is the thousands digit of 242393034?
3
What is the hundred thousands digit of 8622578?
6
What is the thousands digit of 122658308?
8
What is the hundreds digit of 84186563?
5
What is the ten millions digit of 1208836410?
0
What is the billions digit of 1094679780?
1
What is the ten millions digit of 112073961?
1
What is the hundred thousands digit of 79398544?
3
What is the units digit of 278465575?
5
What is the tens digit of 443050758?
5
What is the tens digit of 111611176?
7
What is the ten millions digit of 66706883?
6
What is the thousands digit of 22165328?
5
What is the millions digit of 11754259?
1
What is the ten thousands digit of 357183776?
8
What is the millions digit of 172306476?
2
What is the hundred thousands digit of 3118498275?
4
What is the hundreds digit of 754825447?
4
What is the millions digit of 75025739?
5
What is the thousands digit of 12115730?
5
What is the thousands digit of 88459961?
9
What is the hundred thousands digit of 374156117?
1
What is the hundred millions digit of 113022711?
1
What is the thousands digit of 1117882232?
2
What is the units digit of 1214181901?
1
What is the thousands digit of 30402436?
2
What is the ten millions digit of 1120391584?
2
What is the hundred thousands digit of 4030155201?
1
What is the units digit of 2390171054?
4
What is the ten thousands digit of 408883711?
8
What is the millions digit of 9136322?
9
What is the thousands digit of 430534615?
4
What is the hundreds digit of 63321670?
6
What is the millions digit of 267289930?
7
What is the thousands digit of 61564826?
4
What is the units digit of 57103807?
7
What is the units digit of 30879564?
4
What is the units digit of 138439311?
1
What is the hundreds digit of 61544418?
4
What is the thousands digit of 130835575?
5
What is the tens digit of 54730199?
9
What is the tens digit of 37298371?
7
What is the thousands digit of 297287075?
7
What is the tens digit of 2490279664?
6
What is the billions digit of 1008379687?
1
What is the millions digit of 59695823?
9
What is the ten millions digit of 31046389?
3
What is the hundreds digit of 35921059?
0
What is the thousands digit of 1685215992?
5
What is the ten thousands digit of 618591817?
9
What is the units digit of 27750036?
6
What is the hundred thousands digit of 4946366?
9
What is the millions digit of 27559444?
7
What is the billions digit of 1364647581?
1
What is the ten millions digit of 29433633?
2
What is the hundred millions digit of 4402027635?
4
What is the ten thousands digit of 495842151?
4
What is the thousands digit of 221958443?
8
What is the units digit of 1700899199?
9
What is the hundred millions digit of 188484978?
1
What is the thousands digit of 2884477598?
7
What is the hundred millions digit of 135049272?
1
What is the billions digit of 1343688481?
1
What is the ten thousands digit of 4818802914?
0
What is the millions digit of 19455922?
9
What is the ten millions digit of 16723435?
1
What is the units digit of 343872599?
9
What is the thousands digit of 96587786?
7
What is the hundreds digit of 81405172?
1
What is the ten millions digit of 329688032?
2
What is the hundred millions digit of 411788876?
4
What is the ten thousands digit of 55859378?
5
What is the hundred millions digit of 375000195?
3
What is the units digit of 2997748775?
5
What is the hundred millions digit of 1150838157?
1
What is the hundred thousands digit of 575956190?
9
What is the hundred thousands digit of 87328855?
3
What is the thousands digit of 5387953820?
3
What is the ten millions digit of 545510398?
4
What is the ten millions digit of 152644921?
5
What is the hundreds digit of 66189601?
6
What is the millions digit of 5917705?
5
What is the units digit of 22823295?
5
What is the ten thousands digit of 558977409?
7
What is the units digit of 183865393?
3
What is the hundreds digit of 5142329531?
5
What is the ten thousands digit of 13720580?
2
What is the hundreds digit of 121572763?
7
What is the tens digit of 4941116802?
0
What is the ten millions digit of 40557576?
4
What is the thousands digit of 2574441597?
1
What is the hundred thousands digit of 61498825?
4
What is the tens digit of 473497552?
5
What is the hundreds digit of 20034102?
1
What is the thousands digit of 22154165?
4
What is the tens digit of 96524006?
0
What is the millions digit of 88361592?
8
What is the tens digit of 23076028?
2
What is the hundred thousands digit of 32166247?
1
What is the ten millions digit of 4572102465?
7
What is the hundred thousands digit of 67316591?
3
What is the ten thousands digit of 4679622370?
2
What is the millions digit of 153694474?
3
What is the thousands digit of 19448951?
8
What is the billions digit of 6994580772?
6
What is the hundred millions digit of 215698341?
2
What is the ten thousands digit of 143036844?
3
What is the ten millions digit of 178410039?
7
What is the ten millions digit 